rime?
False
Is 11987333971 prime?
True
Is 319924213 a prime number?
False
Is 598861009 a composite number?
False
Is 35482711909 a prime number?
True
Is 15913847541 composite?
True
Is 19687776023 composite?
True
Is 21214460489 a prime number?
False
Is 373703273 composite?
True
Is 2558488979 a composite number?
False
Is 117209797 a prime number?
True
Is 8602348471 a prime number?
False
Is 8886205187 prime?
True
Is 571887109 a composite number?
False
Is 43584883217 composite?
False
Is 33155244917 a composite number?
False
Is 934604681 a composite number?
True
Is 17146415147 composite?
False
Is 872163451 a composite number?
False
Is 316898269 composite?
True
Is 9242883893 a composite number?
True
Is 273294569 prime?
False
Is 111028879 composite?
True
Is 161324081 a composite number?
False
Is 1525943101 prime?
False
Is 1046822149 composite?
True
Is 1195423847 a prime number?
False
Is 238051819 a composite number?
True
Is 490368091 a composite number?
False
Is 5971821331 composite?
True
Is 44142249143 composite?
True
Is 452837647 prime?
True
Is 183594767 a composite number?
False
Is 992513311 a prime number?
False
Is 107375803 a composite number?
True
Is 8244196907 composite?
False
Is 1588892333 composite?
True
Is 25533348931 a prime number?
True
Is 25573774841 prime?
True
Is 29332726 a composite number?
True
Is 4863921487 a prime number?
False
Is 18354948061 composite?
False
Is 14061236719 a prime number?
False
Is 156454653 a prime number?
False
Is 332764519 prime?
True
Is 9520464377 a composite number?
True
Is 210522304009 prime?
True
Is 2591165539 a prime number?
True
Is 154463941 a composite number?
False
Is 38161151689 a composite number?
True
Is 1967192029 prime?
False
Is 227243374 a prime number?
False
Is 198784601 a composite number?
False
Is 1146624973 composite?
True
Is 12169113169 a composite number?
True
Is 15139135591 composite?
True
Is 179277803 composite?
True
Is 8679719247 a prime number?
False
Is 1109587537 a composite number?
False
Is 1213289257 composite?
True
Is 11841725201 prime?
False
Is 53629086421 a prime number?
True
Is 854261179 composite?
False
Is 420347731 composite?
True
Is 9476934031 composite?
False
Is 644283511 composite?
False
Is 2427266771 a composite number?
False
Is 533478893 a prime number?
True
Is 2094502231 composite?
True
Is 7773992069 prime?
True
Is 69708402637 a prime number?
True
Is 1004922539 a composite number?
True
Is 5985745999 a prime number?
False
Is 372687941 composite?
False
Is 854788127 prime?
True
Is 53085610811 prime?
True
Is 96812682749 a prime number?
False
Is 6851241953 a composite number?
True
Is 121543752901 prime?
True
Is 3309339637 prime?
True
Is 12294530533 prime?
False
Is 24173080247 a composite number?
True
Is 630820147 a prime number?
False
Is 6967599857 a composite number?
True
Is 6240257146 a composite number?
True
Is 30197053 a prime number?
False
Is 14129380703 composite?
True
Is 986831068745 composite?
True
Is 3544099619 prime?
True
Is 5474072291 a prime number?
True
Is 458860747 a composite number?
False
Is 763608971 a composite number?
False
Is 439313581 a prime number?
False
Is 1072460771 a prime number?
False
Is 177114073 a prime number?
False
Is 1908582869 a prime number?
False
Is 41567104297 a prime number?
False
Is 7814756377 prime?
True
Is 7029878461 a prime number?
True
Is 749836019 a prime number?
False
Is 3509164859 a composite number?
False
Is 6486870367 prime?
True
Is 3362320331 prime?
False
Is 2237957493 a composite number?
True
Is 14050177507 a composite number?
True
Is 6933771761 a composite number?
True
Is 16909132103 prime?
True
Is 12781547003 prime?
True
Is 1739525521 a prime number?
True
Is 107471621553 a prime number?
False
Is 377407550537 a prime number?
True
Is 2336172551 composite?
False
Is 22778060183 a composite number?
True
Is 191083909 a prime number?
False
Is 58900501223 prime?
True
Is 2724276551 prime?
False
Is 33536097893 a prime number?
True
Is 229183457 composite?
False
Is 385869497 prime?
False
Is 231492057 composite?
True
Is 83889019 prime?
True
Is 32169966113 a composite number?
True
Is 4580439059 a composite number?
True
Is 51955811 composite?
False
Is 3861570514 prime?
False
Is 22103220715 prime?
False
Is 13735820521 a composite number?
True
Is 17585549299 composite?
False
Is 128947177 composite?
True
Is 3264396481 a composite number?
False
Is 187520383 composite?
False
Is 754727836721 composite?
False
Is 500004781 a prime number?
True
Is 493441867 prime?
True
Is 47467853 a composite number?
False
Is 1239781327 prime?
True
Is 1857694799 a composite number?
False
Is 35304029 composite?
False
Is 21037959269 composite?
False
Is 3312444853 a prime number?
True
Is 212878669 composite?
False
Is 44220373913 a prime number?
False
Is 9861561037 a prime number?
True
Is 2255667101 a prime number?
True
Is 486887627 a prime number?
False
Is 663775471 a composite number?
False
Is 4331069999 composite?
False
Is 83237363497 a composite number?
True
Is 713989781 composite?
False
Is 3258554983 a prime number?
False
Is 42329718581 composite?
True
Is 50203323463 a prime number?
True
Is 27562621465 prime?
False
Is 422192371 a composite number?
False
Is 749281289 composite?
False
Is 38027532605 a composite number?
True
Is 3407290867 a prime number?
True
Is 25321905259 a prime number?
False
Is 5444541443 a prime number?
False
Is 18183335227 prime?
False
Is 7890038887 a prime number?
False
Is 19732334047 composite?
False
Is 1500614029 prime?
True
Is 27710387027 composite?
False
Is 40177556249 a composite number?
False
Is 69082457731 prime?
False
Is 652243979 composite?
False
Is 2245568593 a composite number?
False
Is 70819753 a prime number?
False
Is 251328739 composite?
False
Is 4150178243 a prime number?
True
Is 26907142699 a composite number?
True
Is 2764232557 composite?
False
Is 619761773 prime?
True
Is 9003503633 prime?
False
Is 2152776259 composite?
False
Is 4274067047 a prime number?
False
Is 10460424041 a prime number?
True
Is 4405173961 a prime number?
False
Is 2769403147 a prime number?
False
Is 88628360197 a prime number?
False
Is 2031188609 a prime number?
True
Is 7587032819 a composite number?
False
Is 11031861433 a prime number?
False
Is 90581844047 prime?
True
Is 68779624211 prime?
True
Is 186079033145 prime?
False
Is 396934673 a prime number?
True
Is 1293854327 a prime number?
True
Is 694000093 a composite number?
True
Is 40680907973 prime?
True
Is 11933053181 composite?
True
Is 10183381251 prime?
False
Is 41669406089 prime?
True
Is 2455788215 prime?
False
Is 2553583163 a composite number?
False
Is 22573489 a composite number?
True
Is 816419021 prime?
False
Is 47516199779 composite?
False
Is 10536862195 a prime number?
False
Is 380004043 a composite number?
True
Is 102412395037 a prime number?
True
Is 50414753989 a composite number?
False
Is 19723088981 a composite number?
False
Is 1303418063 a prime number?
True
Is 582556001 a prime number?
False
Is 450117013 prime?
True
Is 81220814861 a prime number?
True
Is 1255280497 prime?
False
Is 1250482759 a composite number?
False
Is 19570956173 a prime number?
True
Is 3794259991 prime?
False
Is 3693493691 prime?
True
Is 98644874677 a composite number?
True
Is 38505169271 prime?
False
Is 5446752851 a composite number?
True
Is 21371169077 a prime number?
True
Is 1057567091 a composite number?
True
Is 1084940761 a prime number?
True
Is 333996073 a composite number?
False
Is 3482253499 a composite number?
True
Is 876847513 a composite number?
True
Is 125128829627 prime?
True
Is 276794509 a prime number?
True
Is 28637079143 prime?
True
Is 36566843971 composite?
True
Is 54078619055 a prime number?
False
Is 1292470247 prime?
True
Is 1561291511 a composite number?
True
Is 7034959357 prime?
False
Is 5399193179 composite?
False
Is 107930351 prime?
False
Is 1936453117 composite?
False
Is 208956371 a prime number?
False
Is 260735807 composite?
False
Is 64384059385 a composite number?
True
Is 1588914731 composite?
True
Is 1796004391 composite?
False
Is 36781766261 a composite number?
False
Is 135971861 composite?
True
Is 106756128407 prime?
False
Is 187947522737 prime?
False
Is 1791715813 a composite number?
True
Is 1368293734 composite?
True
Is 12606643271 a composite number?
False
Is 13579241887 a composite numbe